d 30?
10
Suppose -3*s = 5*z + 27, 2*s + 3*s + 45 = 3*z. Let p be (-24)/s*33/4. Suppose -20 = -2*x + p. Calculate the greatest common factor of 21 and x.
21
Let a(f) = -2*f**3 - 5*f**2 + f - 3. Let t be a(-3). Suppose 4*p + t*v = 185, -108 = 4*p - 4*v - 272. What is the greatest common divisor of p and 33?
11
Let u(v) = v**2 - 6*v + 14. Let l be (33/9 - -1)/(8/(-12)). Let k be u(l). Calculate the greatest common factor of 30 and k.
15
Let r(u) = -99*u + 1306. Let a be r(13). What is the greatest common divisor of a and 1919?
19
Let u = 114 + -63. Suppose 77 - 23 = 2*o + 3*d, -o + 5*d + 40 = 0. Suppose 800 = o*z - 220. What is the highest common divisor of z and u?
17
Let s = -1512 - -2274. Let v = -342 + s. Calculate the highest common divisor of 40 and v.
20
Let y(z) = -28*z - 107. Let u = 91 + -96. Let l be y(u). Calculate the highest common divisor of 33 and l.
33
Suppose 5*a = 2*s + 75, s = -4*a + 4*s + 53. Suppose -a = 2*v - 23. Let p be (6 + -5)/((-1)/(-1)). What is the greatest common factor of p and v?
1
Let t = 68 + -67. Let s = t - 1. Suppose -6*q - 9*q + 60 = s. What is the highest common divisor of 16 and q?
4
Suppose 5*z + 3*g = -0*g + 17, -z = -2*g - 6. Let c be -8 - (3/(-9))/(10/1980). Calculate the greatest common divisor of c and z.
2
Let u be -1*1*(120/(-5) - 8). Let o = 370 - 354. Calculate the greatest common divisor of u and o.
16
Let r(u) = u**3 + 15*u**2 - 13*u - 7. Let l be r(-18). Let g = l + 773. What is the greatest common factor of 91 and g?
7
Suppose j + 10 = -3*z + 30, -z = -4*j - 11. Let g(v) = -z*v + 53 - 51*v**2 - 60 + 420*v**2. Let s be g(-1). What is the greatest common divisor of s and 41?
41
Suppose -179*m - 177*m + 126 = -350*m. Calculate the greatest common factor of 623 and m.
7
Suppose 7*t = 13*t - 102. Suppose 0 = -5*x - h + 6, 3 = 4*x - 3*h - t. Suppose 11*j + 1 = x*s + 6*j, -3 = -3*j. Calculate the highest common divisor of s and 3.
3
Let f = 1872 + -1831. What is the greatest common factor of f and 164?
41
Let x = 359 - 344. Let j be (-8)/(-4) + 600/x. What is the greatest common divisor of j and 63?
21
Suppose -4 = -20*r + 36. Suppose -8*y = -r*y - 96. Calculate the greatest common divisor of 304 and y.
16
Let d be 295/(-1180) - 12/(-8)*(-82)/(-12). Calculate the highest common divisor of 732 and d.
2
Let q be -6 + (5 - 2) + 222. Suppose 12*y = -q + 1083. Calculate the greatest common divisor of y and 120.
24
Suppose 2*h = -10, 2*j - 4*h = 43 - 183. Let k be j/10 - -8 - (-45 + -1). Calculate the highest common factor of 115 and k.
23
Suppose -35 = -53*o + 535 + 66. Calculate the greatest common divisor of 548 and o.
4
Suppose -29 = 11*k - 84. Suppose -2*o + s + 135 = -2*s, 2*s + 332 = k*o. Suppose 12 = d + d. Calculate the greatest common divisor of o and d.
6
Suppose 4*c = -3*s - c - 11, -4*c = 5*s + 1. Suppose -s*l + 2*l = -16. Calculate the greatest common divisor of l and 16.
16
Let w be (3 - -1)/(19/38). Let d(z) = z**2 + z - 10. Let x be d(5). Suppose -16*c + x*c = w. Calculate the greatest common factor of c and 4.
2
Let b(q) = 81*q**2 + 191*q + 196. Let m be b(-3). Suppose 0 = 2*d - 5 - 123. Calculate the highest common divisor of m and d.
32
Let i = 33 + -12. Let w(n) = n**3 + 7*n**2 - 37*n + 24. Let d be w(3). Calculate the greatest common factor of d and i.
3
Let b be (-1 + -4)*((-30528)/360 - 2). Let p(i) = -13*i - 3. Let w be p(-5). Calculate the highest common divisor of b and w.
62
Let w be ((-8)/(-3))/(14/147*7). Let f be w*(-1)/(-4)*3. What is the highest common factor of f and 48?
3
Let k = -122 + 125. Suppose -10 = k*c - 4*l, 4 = 7*l - 6*l. Let t(a) = 7*a - 8. Let n be t(c). What is the highest common divisor of 42 and n?
6
Suppose -13*t + 4207 = -1461. Let o = t - 308. Let l be -3*(3 - (-25)/(-3)). Calculate the greatest common divisor of o and l.
16
Suppose -2*f = 3*p - 392, 4*p - 3*f - 171 = 380. Let z = p + -108. Calculate the greatest common divisor of 26 and z.
26
Let p(q) be the third derivative of -q**6/120 + q**5/10 + q**4/6 + 35*q**3/6 + 4*q**2 + q. Let v be p(7). Calculate the greatest common divisor of v and 154.
14
Let w(d) = d**2 + 28*d - 193. Let q be w(-34). What is the highest common divisor of q and 31?
1
Let i(n) = 11*n + 8. Let l be i(-8). Let k(q) = q**3 - 13*q**2 - 2*q + 8. Let o be k(-4). Let d be 5/2*o/l. Calculate the greatest common divisor of d and 1.
1
Let y(f) = 6*f**2 - 28*f + 54. Let s be y(-10). What is the highest common divisor of s and 2?
2
Let l be 5692/28 - (3 - 57/21). Calculate the greatest common divisor of 6496 and l.
203
Let q = 5698 - 3879. What is the highest common factor of 34 and q?
17
Let h = 344 - 192. Let x = -136 + h. What is the highest common divisor of 92 and x?
4
Let w be (-742)/(-4)*((-774)/126 + 7). What is the highest common factor of w and 106?
53
Suppose 0 = -4*n + 24, x = -4*n + 60 + 84. What is the greatest common divisor of 366 and x?
6
Suppose 9*k + 14*k - 207 = 0. Let b(x) = 14*x + 1. Let g be b(1). Suppose g = 2*s - 7*s, 4*a - 237 = -5*s. Calculate the greatest common factor of k and a.
9
Let h be (-7)/((-28 - -4)/12)*424. Calculate the greatest common divisor of 265 and h.
53
Let q be 33*(-6 - (-174)/18). Suppose -5*f + 207 = -763. Let r = q + f. What is the highest common divisor of r and 35?
35
Let g be ((-1425)/100)/(-4 - (-188)/48). What is the highest common divisor of 2451 and g?
57
Suppose -11640 = 22*g - 42*g. Suppose g = 11*y - 804. Calculate the greatest common divisor of 28 and y.
14
Suppose 212*w - 724*w = -21378 - 23166. Suppose -4*n + 3480 = n. Calculate the greatest common factor of n and w.
87
Let j be (-4 - (-64)/20) + 8/10. Suppose j = -0*o - o - 12. Let z be (-6)/9 - 200/o. Calculate the greatest common factor of 128 and z.
16
Let k(m) = m**3 + 8*m**2 + 30. Suppose -12*l + o - 23 = -9*l, 1 = -o. Let c be k(l). Calculate the greatest common factor of c and 30.
30
Let k = -14 - -28. Let s(t) = 14*t - 106. Let u be s(8). Suppose 0 = -4*o + 3*h + 834, -3*h + 0 = -u. Calculate the greatest common divisor of k and o.
14
Let o = -3334 + 4341. Calculate the highest common divisor of o and 19.
19
Suppose 51*l - 9*f = 47*l + 1215, 5*f - 25 = 0. What is the highest common factor of l and 273?
21
Let v be 4/(-14) - (-5240)/14. Let l be 15*(-3)/60 - (1638/(-24))/3. Calculate the highest common factor of v and l.
22
Let b be 162/(23/((-92)/(-8))). What is the highest common factor of b and 1?
1
Suppose 5*l - 22 = 63. Suppose 151 = 4*k - 133. Suppose 4*a = 133 + k. What is the greatest common divisor of l and a?
17
Let i(u) = 79*u + 2320. Let d be i(59). Calculate the highest common factor of 156 and d.
39
Let n(f) = 705*f**3 + 10*f**2 - 9*f - 1. Let r be n(1). What is the greatest common divisor of 3055 and r?
235
Suppose -3 = 2*o + 15. Let w be (1 + 10/(-15))*o. Let m be w/((-12)/40) - 1. What is the highest common factor of m and 1?
1
Let k = -671 - -791. Suppose 3*s = -4*w + k, -s + 51 = w + 4*w. Calculate the highest common divisor of s and 27.
9
Let l = 589200 + -589191. Let p(u) = 6*u**2 - u + 1. Let g be p(1). What is the greatest common divisor of l and g?
3
Suppose -k + 155 = 3*h + k, 3*k = 2*h - 112. Suppose -3*y + 4*l + h = 0, 4*y - 49 = 4*l + 27. What is the greatest common factor of y and 46?
23
Suppose -12*m + 18*m = 186. Suppose -15*c + 29 + m = 0. What is the highest common divisor of c and 20?
4
Let b = 4381 - 3259. What is the greatest common factor of 11 and b?
11
Let i = -18214 + 18523. What is the highest common factor of i and 4223?
103
Let g be (69 - 11457)*((0 - 2) + (-24)/(-16)). Calculate the highest common factor of g and 104.
26
Let m(u) = -258*u + 686. Let g be m(2). Calculate the greatest common factor of 697 and g.
17
Suppose 215*k - 216*k = -3. Let n be ((-36)/45)/(2*k/(-180)). What is the greatest common divisor of n and 21?
3
Let v(b) be the third derivative of b**6/60 - 3*b**5/10 + b**4/6 + 2*b**3 - 35*b**2 + 1. Let g be v(9). What is the highest common factor of g and 624?
48
Let s be (-4)/20 - 16/20. Let a(h) = -695*h**3 - h - 3 + 692*h**3 + 2 + h**2. Let b be a(s). What is the greatest common factor of 8 and b?
4
Let q be (30/25)/(162/1080). Calculate the highest common divisor of q and 1024.
8
Let b(h) = 9*h**2 + 22*h + 12. Let s be b(0). Calculate the highest common